18))/1?
15
Let c(l) = -l + 9. What is the remainder when c(6) is divided by 1?
0
Let g = -51 + 115. Calculate the remainder when g is divided by 13.
12
Let n(m) = m**3 + 9*m**2 + 6*m + 3. Let y be n(-4). Let g = y - 42. Calculate the remainder when g is divided by 6.
5
Suppose -c + 2*c - 5 = 0, 0 = -b - 2*c + 53. Let z be (-21 - -3)*1/(-3). Let l(k) = 3*k - 3. What is the remainder when b is divided by l(z)?
13
Let j be (-4)/10 - (-48)/20. Suppose -7*l + j*l + 80 = 0. What is the remainder when (-2 + 0)*-15*1 is divided by l?
14
Let b = 18 - 6. What is the remainder when 47 is divided by b?
11
Let a = 1 + 1. Let y be (13 - 2)*2 - a. Let k = 37 - y. Calculate the remainder when 32 is divided by k.
15
Calculate the remainder when 64 is divided by (-4 + -1)/(-1)*198/30.
31
Let o(a) = 3*a + 7. Let l be o(-6). Let v = -4 - l. Calculate the remainder when 23 is divided by (1 + v)/((-2)/(-2)).
7
Let a(s) = s**3 + 6*s**2 - 2*s - 9. Let f be a(-6). Suppose 8*w = f*w + 50. Suppose 3*b - 57 = -0*b. Calculate the remainder when b is divided by w.
9
Let o = 5 - 1. Suppose 5*n + 0*n = 5*i + 110, 87 = o*n - 3*i. Let u(j) = j**2 - 3*j - 9. What is the remainder when u(-7) is divided by n?
19
Suppose 0 = -3*u + 4*u + 1. Suppose 4*g - g - 6 = 0. What is the remainder when 0/(-2) + u + 4 is divided by g?
1
Let t(o) = o**3 + 8*o**2 - o. Let u be t(-8). Let h = u - 5. Suppose -d + h = -28. What is the remainder when d is divided by 11?
9
Let n be (2 - 22/8)*-4. Let d = n - -32. What is the remainder when d is divided by 12?
11
Let l(p) be the third derivative of -p**6/120 - p**5/60 + p**4/12 - p**3/2 - p**2. Let f = -3 - 0. What is the remainder when 25 is divided by l(f)?
7
Suppose -2*k - 2*k + 120 = 4*z, -2*z - 4*k + 64 = 0. Calculate the remainder when 55 is divided by z.
27
Suppose -42 = -3*a + 5*y, 0 - 27 = -4*a - 3*y. Calculate the remainder when a is divided by 3.
0
Let o(s) = s - 6. Let w be o(9). Let m = w + 39. What is the remainder when m is divided by 15?
12
Let v = 216 - 107. Calculate the remainder when v is divided by 28.
25
Suppose 0 = -2*z + 2*r + 28, 4*z - 4*r - 41 = -3*r. What is the remainder when 34 is divided by z?
7
Suppose 5*v + 0*f - 4*f - 342 = 0, -4*v = -f - 267. Let m = -34 + v. What is the remainder when m is divided by 11?
10
Calculate the remainder when 23 is divided by ((-1)/2*1)/((-3)/54).
5
Let t(k) = k**3 - 3*k**2 - 6*k + 5. Suppose -4*a + 4*u = -12, -4*u = -u - 6. What is the remainder when t(a) is divided by 14?
11
Suppose -5*o + 64 = -276. Calculate the remainder when o is divided by 24.
20
Suppose 5*r = -26 + 71. Let i(d) = -r - 2 + 2 + 2*d. Calculate the remainder when 5 is divided by i(6).
2
Let x(z) = -5*z - 7. Calculate the remainder when x(-13) is divided by 15.
13
Let u(r) = -r + 2. Let y be u(3). Let d = y + 4. What is the remainder when 11 is divided by d?
2
Let i(a) = -3*a**2 + 9 + 0 + 6*a - 2*a**2 + 0 - a**3. Calculate the remainder when i(-6) is divided by 3.
0
Let r(h) = h**2 + 13*h + 19. Calculate the remainder when 34 is divided by r(-13).
15
Let a = 97 + -44. What is the remainder when a is divided by 7?
4
Let j(b) = 3*b + 4. What is the remainder when 53 is divided by j(8)?
25
Suppose 6*r = 2*r + 16. Suppose 5*t - k = -r*k + 3, -k = 4*t - 1. Let i = 10 + t. What is the remainder when 19 is divided by i?
9
Calculate the remainder when ((-2)/(-3))/(2/15) is divided by 4.
1
Suppose 10*u - 13 - 87 = 0. Suppose 5*g - 2*c - 195 = 0, 0 = 2*g - 3*g - 5*c + 39. Calculate the remainder when g is divided by u.
9
Let b = -24 - 3. Calculate the remainder when (-207)/b + 1/3 is divided by 5 - 1 - (-1)/1.
3
Suppose 0 = -2*c + 4. Suppose 10 = -c*x + 4*q, -4*x - 2*q + 20 = -0*q. Calculate the remainder when x is divided by 1.
0
Calculate the remainder when (-4619)/(-62)*((3 - 0) + -1) is divided by 38.
35
Let z = 41 + -29. Suppose 5*s - 5*m = 65 + 45, 0 = m + 1. What is the remainder when s is divided by z?
9
Suppose 4*v + z = -2*z + 404, 0 = -4*v + 2*z + 424. Suppose -3*l + v + 178 = 0. What is the remainder when l is divided by 24?
22
Let o = 0 + 4. Suppose 0 = 2*a - o*a - 4, 3*n - a = 26. Suppose -2*s + s - 5*i = -20, -3*s + 4*i + 41 = 0. Calculate the remainder when s is divided by n.
7
Let b(n) = -9*n - 27. Calculate the remainder when 125 is divided by b(-5).
17
Suppose 5*m - 70 = -5*y, -5*y = 4*m - 2*y - 56. Suppose 3*i - 9 = 0, 0*z + z - 21 = -4*i. What is the remainder when m is divided by z?
5
Let d = -93 - -150. Calculate the remainder when d is divided by 29.
28
Suppose -b = 4*b - 35. Let d = b - -34. What is the remainder when d is divided by 21?
20
Suppose 5*y = 3*p + 36, 2*y = 5*p + 25 + 16. Let k = 2 + p. Let t = 15 + k. What is the remainder when t is divided by 6?
4
Let o = 64 - 53. What is the remainder when 30 is divided by o?
8
Calculate the remainder when 105 is divided by -5 + 3 - -3 - -11.
9
Suppose -22 = -5*r + 3. Suppose -r*n = -58 - 57. Suppose 5*k - 74 = -14. What is the remainder when n is divided by k?
11
Let b(u) = -u**2 + u + 36. Let d = 60 - 41. Calculate the remainder when b(0) is divided by 1*(0 + 0 + d).
17
Suppose -4*j + 9 + 31 = 0. Let s be 4/3*12/2. What is the remainder when j is divided by 12/16 + 42/s?
4
Suppose -4 = 4*n + 3*c, -5*c - 22 = -4*n + 3*n. Suppose -1 - 17 = -n*o. Calculate the remainder when 26 is divided by o.
8
Let r = 4 - 2. Suppose 0*d = -r*u - 3*d + 59, 0 = -4*u + d + 111. Calculate the remainder when u is divided by 10.
8
Suppose -3*m - 27 = 4*a - 2*a, m - 1 = 0. Calculate the remainder when 59 is divided by ((-24)/(-18))/((-1)/a).
19
Let z(n) = 2*n**2 + 4. Suppose -d + 0 = -2. What is the remainder when (45/2)/(1/2) is divided by z(d)?
9
Let d(j) = 2*j**2 - j. Calculate the remainder when (8 - -3)/((16/4)/4) is divided by d(2).
5
Calculate the remainder when 39 is divided by (4 + -7)/(2/(-10)).
9
Suppose -8 = -5*h + 17. Let c be (5 + -4)/((-3)/(-36)). Suppose 0 = -5*q + 28 + c. What is the remainder when q is divided by h?
3
Suppose -2*l + 2*n + 4 + 4 = 0, -5*l - 4 = n. Suppose -o + l = -13. What is the remainder when 22 is divided by o?
9
Let r(h) be the first derivative of 2*h**3/3 + 2*h**2 + 5*h - 2. What is the remainder when r(-4) is divided by 6?
3
Let k = -2 - -10. Let t = 89 - 9. Suppose 8 = 4*x - t. Calculate the remainder when x is divided by k.
6
Let q = -235 - -500. Suppose v = -4*v + q. Calculate the remainder when v is divided by 9.
8
Suppose -4*q + 20 = -2*q. Let m be -59*(0 + -3)/3. Suppose 2*d + 3 = m. Calculate the remainder when d is divided by q.
8
Let w(x) = x**3 - 8*x**2 + 6*x + 25. Let s = 7 - 0. What is the remainder when w(7) is divided by s?
4
Let w(a) = a**3 + 5*a**2 - 5*a + 5. Let i be w(-6). Let z = 8 - i. What is the remainder when 16 is divided by z?
7
Let u = -167 + 193. Calculate the remainder when u is divided by 8.
2
Let d(k) = -k - 4. Let q = -3 + 0. Let v be d(q). What is the remainder when 24 is divided by (-3)/((-10)/(-13) + v)?
11
Let o(z) = 10*z - 26. What is the remainder when o(14) is divided by 31?
21
Suppose -2*f + 5*f - 33 = 0. Let i = 26 - f. Calculate the remainder when i is divided by 3.
0
Let m = 107 - 94. Calculate the remainder when 64 is divided by m.
12
Let k(r) = 3*r - 13. Let i(v) = v - 6. Let u(b) = 7*i(b) - 3*k(b). Suppose -2*l + 8 + 4 = 0. What is the remainder when u(-7) is divided by l?
5
Let f = 20 - 11. Calculate the remainder when 15 is divided by f.
6
Let u(j) = -9*j + 7. Calculate the remainder when u(-5) is divided by (-8 + 368/28)*21/6.
16
Suppose -5*n = -6*n. Suppose n = 4*w + 1 - 25. Let a(p) = p**3 + 7*p**2 - 2*p - 4. What is the remainder when a(-7) is divided by w?
4
Let l(n) = n**2 + 9*n - 4. What is the remainder when l(-11) is divided by (-2 - -3)*1 + 6?
4
Suppose 4*j + 4*o - 2*o + 106 = 0, 4*o - 100 = 5*j. Let t(y) = 42*y**2 + 2*y + 1. What is the remainder when t(-1) is divided by j/(-2) + 10/5?
13
Suppose h - 20 = -h. What is the remainder when 86 is divided by ((-8)/h)/((-16)/440)?
20
Suppose -3*w + 3*j + 9 = 0, 0*j + 17 = 5*w - 4*j. Let s(z) = 2*z**3 + 4*z**2 - 3*z**3 + 6*z + 3 + 3. Calculate the remainder when s(w) is divided by 6.
5
Let f(w) = -4 - 5*w - 1 + 6. Let s = 0 + -3. Calculate the remainder when f(s) is divided by 6.
4
Suppose -25*j + 21*j = -52. What is the remainder wh